ppose -759 - 2331 = -z*v. What are the prime factors of v?
2, 3, 103
Suppose 2*n + r - 39 = -0*r, 5*n = 3*r + 103. Suppose 3*d - 5*q = 3111, n*q = d + 17*q - 1037. List the prime factors of d.
17, 61
Let r(n) = -4*n + 67. Let d be r(16). Suppose d*x = -6, -3*x = -2*g + 7*g - 2139. List the prime factors of g.
3, 11, 13
Suppose -103*o + 523459 = 4*o - 5245660. What are the prime factors of o?
53917
Suppose n + 4*g = 31527, 50*n + 63015 = 52*n - 5*g. What are the prime factors of n?
3, 5, 11, 191
What are the prime factors of ((-4)/18)/(482/(-96848019))?
44651
Let l(o) = o**3 - 6*o**2 + 10*o - 3. Let t be l(4). Suppose -14 = -3*j - t. Suppose 4*d - 5*c - 548 = -12, -j*d + 402 = 5*c. What are the prime factors of d?
2, 67
Suppose 4*t = 2*k - 28222, 0 = 4*k - 61*t + 56*t - 56435. List the prime factors of k.
5, 7, 13, 31
Let r = 20964 - 9121. List the prime factors of r.
13, 911
Let l = -5 - -33. Let v = l + 62. What are the prime factors of (4 - v/25)*340/2?
2, 17
Let i = -80167 - -120547. What are the prime factors of i?
2, 3, 5, 673
Let z be 42/(-36) - 4/(-24). Let y be (((-4)/(-8))/z)/(2/52). Let p = 8 - y. What are the prime factors of p?
3, 7
Suppose -2356 = -4*h + 3*k - k, 2*h + 4*k = 1168. Suppose -6*z + 3240 = -h. List the prime factors of z.
2, 11, 29
Suppose 3*n = 176 + 67. Suppose -2*c + 3*t = 34, -5*c - 6*t - 131 = -2*t. Let v = n - c. List the prime factors of v.
2, 13
What are the prime factors of (-83)/166*(-3446)/1 + -6?
17, 101
Let q(t) = -3727*t - 411. What are the prime factors of q(-4)?
7, 19, 109
Let g = 178 - 181. What are the prime factors of 596/g*(-7 + (-99)/(-18))?
2, 149
Suppose 6*d = -3*o + 95898, -56*o + 59*o - 5*d - 95920 = 0. What are the prime factors of o?
2, 5, 23, 139
Suppose 0 = 5*a - 3*t - 99129, -942*a + t = -947*a + 99117. List the prime factors of a.
2, 3, 7, 59
Let x(y) = 6360*y**2 - 4*y - 3. What are the prime factors of x(3)?
3, 5, 7, 109
Suppose 124*n - 1546481 = 7072511. What are the prime factors of n?
2, 17377
Let l = 33682 - 18426. List the prime factors of l.
2, 1907
What are the prime factors of (8 + -7)/(127780/(-63892) - -2)?
15973
Let a(j) = -j**3 - 10*j**2 - 23*j - 46. Let q be a(-5). Let l = -60 + 139. Let u = l + q. What are the prime factors of u?
23
Let o = -132 + 313. Suppose o + 176 = 7*f. What are the prime factors of f?
3, 17
Suppose -142*n = -662114 - 10342886. List the prime factors of n.
2, 5, 31
Let c = -20128 - -54311. What are the prime factors of c?
34183
Let w(o) = -5*o + 8. Let z be w(0). Suppose -1057 = -3*s - n, 0 = 5*s - z*n + 4*n - 1756. List the prime factors of s.
2, 11
Let j(f) be the third derivative of 0 - 7/24*f**4 + 1/20*f**5 + 25*f**2 + 0*f + 5/2*f**3. List the prime factors of j(7).
113
Suppose 2*x + 4*a - 30260 = 0, 1175*x = 1179*x + 3*a - 60515. What are the prime factors of x?
2, 31, 61
Let g be 11 + 911 - (-1 - -9). Let f = g - -166. What are the prime factors of f?
2, 3, 5
Suppose -5*a - 9454 - 15321 = -5*p, -p - a + 4961 = 0. List the prime factors of p.
2, 37, 67
Let p = 1127 - 663. Suppose -a + p = t, -4*a + 9*a = 5. What are the prime factors of t?
463
Let q(r) = 24*r**3 + 3*r**2 - 2*r. Suppose 2*o = 2*w, 5*o = 3*w - 4*w + 6. Let j be q(o). What are the prime factors of (-686)/(-4) + (-3 - j/(-10))?
3, 19
Suppose 2*d - 5*k - 114 = 3*d, -3*d - 2*k - 277 = 0. Suppose 2*c + g - 3*g - 2 = 0, -4*c + 2 = -2*g. Let m = c - d. List the prime factors of m.
89
Let t(b) = -2*b**3 + 135*b**2 + 141*b - 115. List the prime factors of t(68).
13, 373
Suppose -h - 4 + 7 = y, y = -2*h + 1. Suppose 210 = -10*t - y*t. List the prime factors of (-6)/((-12)/(-7))*t.
7
Suppose 353 = 8*h - 343. Let g = h - 83. Suppose -g*o + 12*o = 1360. What are the prime factors of o?
2, 5, 17
Let w(v) = -5*v + 32. Suppose 0*m + m - 2*h = 12, 0 = 5*m - 4*h - 48. Let j be w(m). What are the prime factors of 2/4 - (148/j - -1)?
2, 3
Let r(t) = 54*t - 162*t + 41*t - 22 + 44*t. List the prime factors of r(-26).
2, 3
Let b = 22 + -13. Suppose -6*r + b = -3*r. Suppose s + 109 = 5*t, -2*t - r*t + 4*s = -121. List the prime factors of t.
3, 7
Suppose 0 = 5*m - 12 - 3. Suppose -6*n + n = 3*l - 10, 0 = -m*l - 15. Suppose 22 = 2*a + 4*y, n*y = -13 + 3. What are the prime factors of a?
3, 5
Let y(r) be the third derivative of 27*r**4/8 - r**3 + r**2. Let i be (-2)/(-8)*(-14 + 18). List the prime factors of y(i).
3, 5
Suppose -53 + 11 = -7*o. Suppose 4*q = 5*m + o*q - 23, -8 = -4*m + q. Let j(x) = 15*x + 2. List the prime factors of j(m).
47
Let k(p) = 40*p**2 - 2*p + 33125. What are the prime factors of k(0)?
5, 53
Suppose v + 10*v = -5*v + 103968. What are the prime factors of v?
2, 3, 19
Let q = 414 + -244. Suppose -8*z + q = -22. Suppose -153 = -27*n + z*n. What are the prime factors of n?
3, 17
Let a(d) = 156*d**2 + 3*d + 19. Let i = -753 + 750. What are the prime factors of a(i)?
2, 7, 101
Let t = 42 + -40. Suppose -5*n + 4*g = 0, t*g + 0*g = 0. Suppose 0 = x - 4*d - 221, n*d - 3*d + 1174 = 5*x. List the prime factors of x.
233
Let u(i) = 26*i**2 + i - 6. Let s(t) = -t**3 - 7*t**2 + t + 3. Let w be s(-7). Let j be u(w). Let r = j + -271. List the prime factors of r.
3, 5
Let w(n) = 13*n**3 - 3*n**2 - 42*n - 59. List the prime factors of w(15).
7, 6073
Let r(s) = -s**2 - s + 33. Let z be r(-6). Suppose 0 = 5*v - 4*p - 204, -3*v + z*p + 92 + 31 = 0. What are the prime factors of (-4)/(-10) - -298*28/v?
11, 19
Suppose 0 = 5*r + k - 675, -5*r - 7*k = -8*k - 685. Suppose -o + 70 = -5*x - 48, -o + r = x. What are the prime factors of o?
7, 19
Let w(l) = l**2 + 8*l + 1. Let k be w(25). Let z = 300 + k. What are the prime factors of z?
2, 563
Let q(b) = -2*b**3 - 33*b**2 - 16*b. Let t be q(-16). Suppose -4*y + 9*y - 5*m - 25 = 0, t = -m + 5. Suppose -6*c + c + y = 0. List the prime factors of c.
2
Let j(k) be the second derivative of 5*k**4/6 + 4*k**3/3 + 3*k**2 - 4*k + 13. List the prime factors of j(-13).
2, 199
What are the prime factors of 592806/120 - (-15)/(-300)?
2, 5, 13, 19
Let u be ((-2)/(-1))/4 + 21/14. Suppose 4*w + 1 + 0 = 5*i, -3*w + 1 = -u*i. Suppose 3*r - 89 - w = -2*l, 3*l - 129 = -3*r. What are the prime factors of l?
3, 13
Let d = -207 + 191. List the prime factors of (5173/35)/((d/20)/(-4)).
739
Suppose -4*j + 140956 = -4*u, 2783*u - 2 = 2784*u. What are the prime factors of j?
167, 211
Suppose 309 = -2*u + i - 2*i, 0 = -5*u + 3*i - 778. Let s = u + 593. List the prime factors of s.
2, 3, 73
Suppose -24*j + 20*j = 540. Let f be (2 + -1)/((-5)/j). Suppose -20*i + f*i = 588. List the prime factors of i.
2, 3, 7
Let m = -20734 + 39960. What are the prime factors of m?
2, 9613
Let y = -4155 + 28793. List the prime factors of y.
2, 97, 127
Suppose -5*c + 65 = 5*b, 5*c - 2*b - 25 = 5. Let v be ((-109)/2)/(c/(-16)). Let y = v - -88. What are the prime factors of y?
197
Let c(g) = -g**2 + 2*g + 7. Let k(z) = -z - 9. Let x be k(-14). Let p be c(x). List the prime factors of (0 + p/12)*-3 - -28.
2, 3, 5
Let c(j) = 2*j**2 - j + 54. Let u = -499 - -485. List the prime factors of c(u).
2, 5, 23
Let l = -38872 - -68283. What are the prime factors of l?
29411
Let j(r) = -28*r - 20 + 38 - 27. Let a be j(-8). Let c = -130 + a. What are the prime factors of c?
5, 17
Suppose k + 4*k - 21046 = -3*v, 4*v + k = 28033. What are the prime factors of v?
7, 11, 13
Suppose -30*l + 220651 = -175679. List the prime factors of l.
11, 1201
Let u(h) be the third derivative of 37*h**5/60 - 3*h**4/8 - 10*h**3/3 + 6*h**2. List the prime factors of u(-2).
2, 73
Let n(d) = -5*d + 2 - 2*d**3 + 2*d**2 + 3*d**3 + d**3 + d**3. Let y be n(3). Let i = -15 + y. What are the prime factors of i?
71
Suppose 0 = 4*b - 3*r - 1033, -b = r + 23 - 283. Let u = b - 195. What are the prime factors of u?
2
Suppose 5*r - 16*r + 748 = 0. Let v = 71 - r. Let w(k) = 54*k + 16. What are the prime factors of w(v)?
2, 89
Let w be (-226)/(39/15 + -3). Let t = 1881 - w. What are the prime factors of t?
2, 7, 47
Let y(p) = 558*p + 6439. What are the prime factors of y(0)?
47, 137
Suppose 0 = 21*g - g - 14040. Suppose g = -25*n + 31*n. What are the prime factors of n?
3, 13
Let m be ((-4968)/(-135))/((-2)/(-50)). Let a = m - 83. List the prime factors of a.
3, 31
Let z(u) = -3588*u**3 - 8*u**2 - 8*u. What are the prime factors of z(-1)?
2, 3, 13, 2